rime number?
True
Let g(s) = 3165*s + 48. Let p be (-8 - -2)/(-3 - -1). Is g(p) prime?
False
Let p = -1428107 + 2600878. Is p composite?
True
Suppose 126014 = -4*n - 3*t + 348432, 4*t = 2*n - 111198. Is n composite?
False
Let n = -94284 + 197327. Is n prime?
True
Let h(b) = -15*b + 31. Let z be h(0). Suppose 154649 + 21090 = z*k. Is k prime?
True
Let l(j) = j**3 - 13*j**2 + j - 11. Let c be l(13). Suppose c*k - k - 7 = 0. Suppose -k*f - 892 = -11*f. Is f a prime number?
True
Is ((-1209912)/(-154))/12 + (-4)/(-14) prime?
False
Suppose 11*n = n. Let q be n*4/8*2/(-4). Suppose q = -r + 4*c + 755, r - 4*r - 3*c = -2205. Is r composite?
False
Let j = 3091 - 2009. Let y(k) = 4*k**2 - 5*k - 14. Let m be y(2). Is j/m*1*(-4)/1 composite?
False
Let x(b) = 3*b**2 - 10*b - 201. Let q be (-7 - 13) + (1 - 3). Is x(q) composite?
False
Let o = -40 + 42. Suppose 3*i + w - 983 = o*i, -4*i + 2*w = -3914. Let k = i - -129. Is k prime?
True
Suppose -4 = 17*d - 21*d - 4*k, 4*d - 5 = -3*k. Let p = -8 - -20. Suppose -p*b + d*b = -30710. Is b a prime number?
False
Let p(d) = 32*d**3 - 71*d**2 + 45*d - 69. Is p(20) prime?
False
Suppose -50*x + 55*x = -30860. Let b = x - -29271. Is b composite?
False
Let m = -83406 + 338857. Is m a composite number?
True
Let z = -34285 - -63512. Is z prime?
False
Suppose 0*p - 332 = -4*z + 5*p, -2*p - 242 = -3*z. Is 97/((-384)/z + 5) composite?
True
Is (16/(-6))/(-4) - (9 - (-3891808)/(-48)) a prime number?
True
Suppose -3*i - 6*o = -1214173 - 1042040, -5*i = -5*o - 3760430. Is i a prime number?
False
Let j = -583 - -585. Suppose 2*t = -j*m + 10876, 3*m + 5442 = t + 8*m. Is t a prime number?
True
Let p be (2 - 0)/(-1 + (-1565)/(-1555)). Is (2 + -4)/(2/4) + p a composite number?
False
Let a(i) be the second derivative of -i**5/20 - 7*i**4/12 - 3*i**3 + 7*i**2/2 + i. Let q be 420/84 - (8/(-6))/((-2)/27). Is a(q) composite?
True
Let m = 736583 + 209784. Is m a composite number?
False
Is -10 + (-3 - 526392/(-12)) composite?
False
Let s(w) = -w**3 + 8*w**2 + 11*w - 15. Let u be s(9). Suppose -u*x = 5*f - 1910, 0*f + 2*f + x = 764. Suppose 346 = 8*r - f. Is r a composite number?
True
Let l(j) = -j**3 + 39*j**2 - 104*j - 27. Is l(16) prime?
False
Suppose -4*s + h = -8424805, -24*s + 29*s - 10531000 = -5*h. Is s prime?
False
Let v = 304092 - -62887. Is v prime?
False
Suppose -443*z + 5126821 = -19850848. Is z a prime number?
True
Suppose 15*i - 5397958 - 1254997 = 2531800. Is i prime?
True
Suppose 4*r + 4*j = j - 86, 2*r + j + 44 = 0. Let h(p) = -p**3 - 20*p**2 - 26*p + 52. Is h(r) composite?
False
Let r be (-8*43293/(-30))/((-6)/(-15)). Suppose -3*x - n + 21645 = 0, 4*x - 4*n - r = -6*n. Is x composite?
True
Let z = 19299 - 4463. Let q = z - 10089. Is q prime?
False
Suppose 3*k + 2*i = k + 610520, k = -5*i + 305280. Is k prime?
False
Let k = -20952 + 105761. Is k prime?
True
Let i(j) be the first derivative of -5*j**3/3 - 3*j**2 + 13*j - 17. Let a(z) = -6*z**2 - 7*z + 12. Let d(u) = 4*a(u) - 5*i(u). Is d(9) a prime number?
False
Is 1 - (-9258886)/10 - 12/((-3720)/434) prime?
True
Suppose -90586 = -10*t + 407484. Suppose -2*j - 100872 + 34456 = -4*i, j - t = -3*i. Is i a composite number?
False
Let k(t) = 7768*t - 1201. Is k(9) a prime number?
True
Let c = -4440 + 14478. Suppose -518*v - c = -524*v. Is v a composite number?
True
Let o(s) = 2434*s**3 - 14*s**2 + 21*s + 57. Is o(4) composite?
False
Suppose -43*y - 278612 = -41*y - 6*y. Is y a composite number?
False
Let v = 1043584 - 611523. Is v prime?
False
Let y(j) be the third derivative of -j**6/40 - 13*j**5/60 - 7*j**4/12 - 23*j**3/6 + 57*j**2. Is y(-10) prime?
False
Let k = -32 - -33. Let l be -2 - (-2 + -2)*k. Is 57 + -7 - (-3 + l) prime?
False
Suppose 4*i + 39339 = 5*q, -39298 = -5*q - 15*i - 22*i. Is q a composite number?
False
Let s(v) = -3*v - 36. Let b be s(-13). Suppose 0 = -4*p - 8, -5*n + 9 = 2*p + b. Suppose 3*a - 9231 = -2*o, o = -n*a - 0*a + 6155. Is a prime?
True
Let j be ((-72)/(-15) - 4)/(1/360). Suppose -2*x - 4*z = 2*x - j, -x = -5*z - 42. Is x prime?
True
Suppose 172026 = 29*f + 100*f - 8796183. Is f a composite number?
True
Let w(o) = -308*o**3 - 2*o**2 + 1. Let c(y) = -y**2 + 6. Let u be c(0). Let t be (-2)/3 - u/18. Is w(t) a prime number?
True
Let q(x) = 1642*x - 13945. Is q(101) a composite number?
False
Let b = 10628 - -7235. Is b a composite number?
False
Let r = 418191 + -273652. Is r prime?
True
Let x(i) = -9*i**2 - 3*i - 2*i**3 - 11*i + 13 + 3 - 25. Let a be -6 + 4 - (1 + 2). Is x(a) a prime number?
False
Suppose 53*d - 41*d - 37*d + 577825 = 0. Is d a prime number?
False
Let r(d) = 119*d - 34. Let h be ((-30)/4)/(10/(-20)). Let k be r(h). Suppose 2*l = 4*m - 823 - k, -1943 = -3*m + 4*l. Is m composite?
False
Let x be 15*(-3030)/(-25)*-1. Suppose 3*p + 2*p - 20 = 0, 0 = 5*n - 5*p - 29265. Let b = n + x. Is b prime?
False
Suppose -2107241 = -13*j + 9338076. Is j a composite number?
False
Suppose -262*s = -80*s - 4316858. Is s a composite number?
False
Let w(g) = 12*g**3 - 11*g**2 + 18*g + 12. Let v be w(8). Suppose 2*x = -5*i + 2798, -4*x + 0*x + v = 2*i. Is x composite?
False
Suppose -22*z + 6952163 - 1220569 = 0. Is z composite?
False
Is (325288/(-1) - 1)/(3 + (-8)/2) a composite number?
True
Is 15/(-3) + 475/380 + 690739/4 a prime number?
True
Suppose 31*u - 27*u - 8 = 0. Suppose 3*f = -u*f - 4*a - 495, -a = 5. Let v = f + 206. Is v a prime number?
False
Let x = -49 + 49. Suppose x = 3*d + 64 - 616. Let h = d - 129. Is h prime?
False
Let c be ((-17073)/(-36))/(3/204). Is c/28 + (-6)/8 a prime number?
True
Let h = 148 + -151. Let m = -1 + 3. Is m*h/((-6)/541) a prime number?
True
Let q(r) = 7716*r**3 - 7*r**2 + 4*r - 2. Is q(3) composite?
False
Let a(u) = u**3 - 13*u**2 + 9*u + 36. Let y be (54/30)/((-12)/(-100)). Let d be a(y). Let l = d + -404. Is l prime?
False
Let t(s) = 110*s**2 + 11*s - 269. Is t(20) a composite number?
False
Let f be (4996 - 0) + (-5)/(60/(-48)). Let r = -2113 + f. Is r composite?
False
Let z be 107*1071*-5*(-40)/75. Suppose 0 = -49*o + 115661 + z. Is o a prime number?
True
Let c(m) = 940*m + 3347. Is c(62) a composite number?
False
Let h be (-1 + (-154)/(-6))/(60/(-127620)). Let l = -31287 - h. Is l a prime number?
True
Suppose 0 = 7*n - 43*n + 9*n + 8899443. Is n a composite number?
True
Let f be 1/(-8) + (-28)/(-224). Let z(v) = 761 + 2*v - 4*v - 4*v. Is z(f) a composite number?
False
Suppose -46*f + 3876103 + 4338552 = 39*f. Is f composite?
False
Suppose -l + 2205 = -2*x, -2*l + x + 11052 = 3*l. Let d = l - 364. Is d prime?
True
Is 72399/1 + 111/(-592) + 61/(-16) a composite number?
True
Suppose 28 = -5*r + 128. Is (-5)/(r/(-16)) + 1073 - -4 a prime number?
False
Let p(k) = -230*k + 12. Let v be p(3). Let a = v + 1265. Is a a composite number?
False
Suppose 5*m = 4*m + 2*z + 38, -5*m - z + 146 = 0. Suppose -m = 5*u - 40. Is 2*475 + (5 - u) a prime number?
True
Let z = -21661 + 32348. Is z prime?
True
Suppose -2*w = 5*i - 3*w - 5, -i - 2*w + 12 = 0. Suppose 2*l + l - 557 = -x, 740 = 4*l + i*x. Is l prime?
False
Let q = 17 + -17. Suppose q*x = 3*x - 2*h - 5249, 4*x = -3*h + 6993. Suppose 3*l = 4*b + x, -2*b = -b - 3. Is l a composite number?
False
Let d(h) = -14310*h - 1879. Is d(-14) composite?
False
Suppose 3*r - 46504 = -g, 5*g - 89*r = -93*r + 232465. Is g prime?
True
Let d(a) = -10889*a - 693. Is d(-8) composite?
True
Suppose 7*z + 3*z - 22540 = 0. Let b = z - 269. Is b prime?
False
Let b be ((0 + -3)/(-6))/((-44)/(-1232)). Suppose b*w + w - 124665 = 0. Is w composite?
False
Let n(i) = 94*i**2 + 15*i - 29. Let s(g) = 94*g**2 + 16*g - 29. Let m(a) = 4*n(a) - 3*s(a). Is m(2) composite?
True
Suppose 0 = 1432*l - 1437*l + 4118245. Is l a composite number?
True
Let i = 10 + 40. Suppose 5*h + 3*s - 600 = 0, -190 = -2*h - 3*s + i. Suppose 2*r + h = 1058. Is r composite?
True
Let s(b) be the third derivative of b**5/12 - b**4/24 - 41*b**3/6 - 2*b**2 - 11. Suppose 9*r - 12*r - 36 = 0. Is s(r) prime?
True
Suppose l - 561 - 447 = b, 2*b = -l + 999. Suppose -6*w + 3*w = -l. Is w a prime number?
False
Suppose -2*x - 47 = -33. Let r be (-16920)/(-126) - (-1)/(x/2). Let v = r + 9. Is v a prime number?
False
Is (-636047)/(-5) - ((-70)/(-25))/7 a prime number?
False
Let f(o) be the first derivative of -o**4/4 - 5*o**3/3 - 2*o**2 - 4*o - 27. L